*a - 15. Suppose 2*h = h + j. Calculate the remainder when 21 is divided by h.
10
Suppose 5*p - 4*p = 5*s - 24, 16 = 3*s - p. Let m = s + 2. Suppose 4*v - 2*f = 60, 3*v - 4*v + 4*f + 1 = 0. Calculate the remainder when v is divided by m.
5
Calculate the remainder when (-1 - -2 - 2) + 31 is divided by 11.
8
Suppose 0 = -5*u + 95 + 20. Calculate the remainder when u is divided by 8.
7
Let y(m) = m**2 - 3*m + 1. Let d be y(2). Calculate the remainder when (3/4)/(d/(-36)) is divided by ((-6)/(-4))/(3/28).
13
Let v = -7 + 13. Suppose -j + 0*j = -15. What is the remainder when (j*1)/(9/6) is divided by v?
4
Let z = 10 + 1. Calculate the remainder when 42 is divided by z.
9
Let z(c) = -8*c - 1. Let x be z(-1). Suppose -x = -2*s + 5. Calculate the remainder when (-56)/s*(1 + -4) is divided by 10.
8
Suppose -3*r = 3*u - 2*u - 40, -4*r = -5*u + 162. Let o = -3 - -21. Calculate the remainder when u is divided by o.
16
Let x = -37 - -43. Let r be -1 - (-3)/((-3)/(-2)). Let t(o) = 16*o**3 + o. Calculate the remainder when t(r) is divided by x.
5
Suppose 170 = -2*g + 7*g. Let l = -92 + g. Let a = 102 + l. Calculate the remainder when a is divided by 15.
14
Let l(q) = 3*q**3 + 3*q + 0*q**2 + 2*q**2 - 4*q**3. What is the remainder when 0/(-2) + 42/2 is divided by l(2)?
3
Let j = -28 + 43. Calculate the remainder when j is divided by (-30)/(-4) + 1/2.
7
Let u(w) = w**3 - w**2 + 43. Let d(i) = i**3 - 6*i**2 + 5*i. Let t be d(5). What is the remainder when u(t) is divided by 15?
13
Suppose -v = 2*w + 11, -3*w - w = -5*v - 111. Suppose 0 = -3*n - 5*a - 120, 0 = 4*a - 5 + 17. Let q = v - n. Calculate the remainder when 47 is divided by q.
15
Let o = 11 - -1. Calculate the remainder when 69 is divided by o.
9
Suppose 0 = -2*p + 5 - 1. Suppose -3*n - 6 - 3 = 0, 23 = 2*q - 3*n. Calculate the remainder when q is divided by p.
1
Suppose y + 540 = 6*y. Suppose -w + y = w. Calculate the remainder when w is divided by 14.
12
Let p = -162 + 174. Calculate the remainder when 47 is divided by p.
11
Suppose 5*n + 0*n = 365. Let r = n - 34. Suppose -2*l - 2*l + 2*p = -76, -l + 22 = p. Calculate the remainder when r is divided by l.
19
Suppose 0 = 5*u - u + 16. Let f(k) = -7*k - 4. What is the remainder when f(-5) is divided by u - -4 - -1*11?
9
Let n be (3 - -66) + 1 - -1. Let y = 114 - n. What is the remainder when y is divided by 15?
13
Let q(a) = 18*a. Let s be q(4). Suppose s = -4*b - 0*b. Calculate the remainder when 13 is divided by (-4)/18 - 130/b.
6
Let s = 5 + 29. What is the remainder when s is divided by -1 - -22*1 - 3?
16
Suppose 6 + 4 = -2*g. Let v = g - -17. What is the remainder when 1 + 20 - (-5)/5 is divided by v?
10
Let w be (-3)/1 - (-6)/2. Suppose p + w*p = 32. Calculate the remainder when p is divided by 17.
15
Suppose 4*m - 4*t = 76, m - 4*t - 31 = -0*t. Calculate the remainder when m is divided by 2*(3 + -3 + 4).
7
Suppose -14 - 4 = -n. Calculate the remainder when 50 is divided by n.
14
Suppose -22*s + 30 = -102. Calculate the remainder when 11 + (-1 + 1)/(-3) is divided by s.
5
Let f = 25 - 25. Suppose 208 = 4*q - f*q. What is the remainder when q is divided by 14?
10
Let p = -63 + 36. Let z = -17 - p. Calculate the remainder when ((-24)/15)/(14/(-245)) is divided by z.
8
Let n = 44 - 27. What is the remainder when 66 is divided by n?
15
Let v = 57 + -37. What is the remainder when v is divided by 11?
9
Suppose n = 3*y - n - 41, 2*y - 30 = 2*n. Calculate the remainder when y is divided by 4.
3
What is the remainder when 8/24 - (-262)/6 is divided by 9?
8
Let o = 40 - -13. Let p = o - 36. Suppose -3*j + p = 5. Calculate the remainder when 14 is divided by j.
2
Let r = 10 - -10. Let u be 86/6 - 4/(-6). Suppose -3*m + u = -6. Calculate the remainder when r is divided by m.
6
Let a(j) = 25*j**2. Let r = -4 - -6. Suppose c - 7 - r = 0. What is the remainder when a(-1) is divided by c?
7
Suppose -4 = -4*t, -3*t - 5 = -3*x - 8*t. Suppose x*p = p - 7. Calculate the remainder when p is divided by 3.
1
Let h = 3 - 1. Suppose 0*r = -h*r + 26. Suppose 5*t = 3*g - 19, g + 0*t + 5*t - r = 0. Calculate the remainder when 23 is divided by g.
7
Suppose -300 = -10*i + 6*i. Calculate the remainder when i is divided by 38.
37
Suppose 6*u + 19 = 109. Let h be 2/(-6) - (-26)/6. Suppose -h*t + 2*v - 19 + 197 = 0, t = v + 46. Calculate the remainder when t is divided by u.
13
Let r = 5 - 5. Suppose r = -o + 3*t + 5, 0 = -3*o + 2*t + 9 + 6. Suppose o*w - 125 = -0*w. What is the remainder when w is divided by 14?
11
Let k be (3 + (-33)/9)*-75. Suppose -p - z - 2*z = -16, 2*p - k = 3*z. Calculate the remainder when p is divided by 6.
4
What is the remainder when 116 is divided by (2/(-4))/(-2 - (-478)/240)?
56
Let z(c) = -3*c - 5. Let b = 13 - 9. Suppose 2*n + 10 = -3*r, 0 = -3*r + n - 17 + b. What is the remainder when 20 is divided by z(r)?
6
Let j = -3 - -18. What is the remainder when 43 is divided by j?
13
Suppose 0 = -5*u + 29 + 31. Calculate the remainder when u is divided by 5/(-3 - -3 - -1).
2
Calculate the remainder when (-1)/(-4 - -3) + 1 is divided by -4*(1 - 3/2).
0
Suppose -2 - 8 = -t. Suppose -4*y - 4 = 4*h, 2 = 2*h + t. Calculate the remainder when y is divided by 1.
0
Suppose 4*m + 2*r + r - 85 = 0, -3*r = -9. Calculate the remainder when 36 is divided by m.
17
Let r be (-6)/(-4) - (-2)/(-4). Let w(t) = 5*t**2 + 2*t - 1. Suppose 11*c - 198 = -7*c. Calculate the remainder when c is divided by w(r).
5
Suppose 5*b - 138 = 3*l, -5*b = 3*l - 18 - 114. Let k(p) = -p + 14. What is the remainder when b is divided by k(0)?
13
Let h be (-3 - -19) + (-5 - -2). What is the remainder when 24 is divided by (3 - -2)*h/5?
11
Let z = -129 - -185. Let p = -40 + z. Calculate the remainder when (-47 + 0 + 1)/(-1) is divided by p.
14
Calculate the remainder when 86 is divided by -2 - (4 + (-140)/4).
28
Let d = -7 - -21. Calculate the remainder when 53 is divided by d.
11
Calculate the remainder when 14 is divided by ((-18)/12)/((-3)/16).
6
Suppose 3*d = -0*d + 108. Suppose 2*q = -0*q + 26. What is the remainder when d is divided by q?
10
Let z(t) = t**2 + 5*t - 2. Calculate the remainder when 84 is divided by z(3).
18
Suppose 2*b + 5*q = 47, -q = -3*q - 6. Calculate the remainder when 121 is divided by b.
28
Suppose c = h - 31, 5*h + c - 3*c = 149. What is the remainder when h is divided by 7?
1
Suppose 0*h - 71 = -j + 5*h, -5*j - 3*h + 355 = 0. What is the remainder when j is divided by 9?
8
Let m(t) = t. Let s be m(3). Suppose 3*n - 25 = -5*z, -n + 14 = s*z + 3. Calculate the remainder when 18 is divided by n.
3
Suppose -4*q - 46 = -2*l, l - q - 2*q = 28. Let f(b) = 4*b**2 - 3*b + 4. Calculate the remainder when f(-3) is divided by l.
10
Let w = 57 + -30. Calculate the remainder when 161 is divided by w.
26
Let g = 6 + 13. Let n = g + -17. Suppose 3*s + x + 16 = 7*s, 0 = -4*x. Calculate the remainder when s is divided by n.
0
Let x = -47 - -74. What is the remainder when 133 is divided by x?
25
Let h be (-6)/15 - 16/10. Let i = 12 - 2. What is the remainder when i is divided by h + 8 + (1 - 3)?
2
Suppose -4*f + 20 = 2*d, -d - 50 = -6*d + 3*f. What is the remainder when d is divided by (-3 + (-7)/(-3))*-9?
4
Suppose m = -3*v + 4*v - 20, -11 = -v - 2*m. What is the remainder when 66 is divided by v?
15
Suppose -3*t + 64 = 5*n, 2*t - 36 = -6*n + 4*n. Suppose -10*m - 174 = -664. What is the remainder when m is divided by t?
10
Suppose 0*j + 4*j - 32 = 0. Suppose n + 40 = -3*r, 4*n + j = 2*n. Let f = 43 + r. What is the remainder when f is divided by 16?
15
Suppose -33 = -4*k - 3*q, -2*q + 24 = 5*k - 19. Calculate the remainder when 9 is divided by (0 - 0) + k + -3.
3
Let i(h) = -7*h**3 + h**2 - 4*h + 3. Let r be i(2). What is the remainder when 31 is divided by r/(-5) - 6/15?
9
Suppose -f + 14 = 10. Calculate the remainder when 13 is divided by f.
1
Let i = 1 - -2. Suppose 3*a = -4*s + 48, -3*s - i = -a - 0. What is the remainder when 35 is divided by a?
11
Let b(l) = l + 9. Let w be b(-11). Let o be w/(-3) - (-404)/6. Let m = o - 39. Calculate the remainder when m is divided by 15.
14
Suppose -3*c + 77 = -2*u + 3*u, 83 = 3*c - 5*u. Calculate the remainder when 99 is divided by c.
21
Let p = 120 + -71. What is the remainder when p is divided by 13?
10
Suppose -34 = -5*r + 16. Let